- 3. What is the remainder when x(-2) is divided by 24?
21
Suppose -5*h - 4 + 19 = 0, 3*h = 5*f - 1. Let v = -8 + 5. Calculate the remainder when (4/v)/(3/(-9)) is divided by f.
0
Let a(n) = -n**2 + 25*n + 12. Calculate the remainder when a(7) is divided by 29.
22
Suppose -g + 42 + 33 = 3*b, -4*b - 4*g + 108 = 0. Let d = 161 + -67. What is the remainder when d is divided by b?
22
Suppose -3*y = 2*i - 5, -4*y = -i + y + 22. What is the remainder when 3/7 + 4*(-179)/(-28) is divided by i?
5
Let w(g) = 9*g**2 - g + 1. Suppose -5*s + 2*s + 6 = 0. Suppose 2 = 4*x - s. Calculate the remainder when 17 is divided by w(x).
8
Let w(o) = o**3 + o**2 + 1. Let c be 0*-2*1/(-4). Let g be w(c). Let d(f) = 11*f**2 + f. What is the remainder when 34 is divided by d(g)?
10
Suppose -b - b + 12 = 0. Let n(m) = m + 2. Let c(z) = -4*z - 1. Calculate the remainder when n(b) is divided by c(-1).
2
Suppose -3*t = -l + 47, 5*l = 3*t - 0*l + 31. Let x = 19 + t. What is the remainder when 5 is divided by x?
1
Let c = -14 - -16. Let f(w) = -6*w - 4. Calculate the remainder when f(-6) is divided by 43/4 - c/(-8).
10
Let b(c) = c - 1. Let g be b(2). Suppose o - g = 1. What is the remainder when ((-4)/(-6))/(2/6) is divided by o?
0
Let f(u) = 2*u + 1. Let b(j) = j + 1. Let q(r) = 3*b(r) - 2*f(r). Calculate the remainder when 10 is divided by q(-2).
1
Calculate the remainder when (-6)/(-4) + (-23)/(-2) is divided by 3.
1
Suppose 2*h - 5*x = 3*h - 48, -3*x = 4*h - 124. What is the remainder when h is divided by 15?
13
Let x = 0 + 2. Suppose 0 = -2*t - x*t + 16. Suppose t*o - 32 = 24. What is the remainder when o is divided by 5?
4
Let o(c) = -c**2 - 26*c - 6. What is the remainder when o(-11) is divided by 32?
31
Suppose 0 = -2*p + 2 + 2. Suppose -p*o - 82 = -4*o. What is the remainder when o is divided by 14?
13
Suppose -9 = y + 5. What is the remainder when 13 is divided by (y/21)/((-2)/21)?
6
Suppose -5*i + 5*b = -60, 0*i = 3*i + 3*b - 30. Let f be (-2)/(-9) + (-152)/36. Let q = f - -34. What is the remainder when q is divided by i?
8
Suppose 35 - 154 = -7*f. What is the remainder when f is divided by 3?
2
Let s = 30 - -8. Calculate the remainder when 227 is divided by s.
37
Suppose -7 - 29 = -2*m. Suppose -m = s - 4*s. What is the remainder when 17 is divided by s?
5
Suppose a - 5*a + 30 = 2*p, -4*p + 90 = 2*a. Calculate the remainder when 73 is divided by p.
23
Let a = 10 - 5. Suppose 0 = k - 3*f + 37, -2*k - 68 = -a*f + 8. Let l = k - -63. What is the remainder when 58 is divided by l?
18
Suppose -4*v = -62 - 14. Suppose -25 = -4*r - r. What is the remainder when v is divided by r?
4
Let p = 21 - -40. Let n = -42 + p. Calculate the remainder when n is divided by -14*(-3)/6*1.
5
Suppose b - 2*g + 18 = g, -4*b = 4*g - 8. Let r(h) = 2*h**2 - 4. Let i be r(b). Calculate the remainder when 30 is divided by i/1 - -1*2.
14
Suppose -2 = -a + 10. What is the remainder when 19 is divided by a?
7
Suppose 4*h - h - 9 = 0. Let d be h + -2 + (-3)/(-3). What is the remainder when d*18/8*4 is divided by 10?
8
Suppose 0 = 4*i + 5*l - 182, i + 2*l - 47 = -0*l. What is the remainder when i is divided by 11?
10
What is the remainder when 109 is divided by ((-4)/(-6))/((-12)/(-666))?
35
Suppose -3*m - 2*n + 6*n + 47 = 0, -4*n + 4 = 0. What is the remainder when 185 is divided by m?
15
Let g = 8 + -13. Let v = -5 - g. Suppose -3*c + v*c = -27. Calculate the remainder when c is divided by 4.
1
Let p be 3/(-4) + 42/24. Calculate the remainder when 3 + (40 - (0 + p)) is divided by 15.
12
Suppose -v + 1 = -2*l, 0 = -l + 5*l + 12. What is the remainder when (-5)/(16/v + 3) is divided by (4/2 + -3)*-13?
12
What is the remainder when (-12)/8*112/(-3) is divided by 29?
27
Let x(k) = 2*k**2 - 5*k. Let g be x(5). Let c = 81 + g. Suppose -4*b + 90 = -c. What is the remainder when b is divided by 13?
10
Let i be 47 - 2/(2/(-3)). Suppose i = 2*p + 8. Calculate the remainder when 62 is divided by p.
20
Let x = 127 - 95. Calculate the remainder when 63 is divided by x.
31
Let c(a) = -4*a**2 - 5*a - 4. Let j be c(-3). What is the remainder when (-120)/j + (-2)/(-10) is divided by 4?
1
Let n be 1 + 1 - 26*-1. Suppose -2*t - 21 + 3 = -4*l, 4*l - 4*t - n = 0. Let a(c) = 2*c**2 - 2*c - 2. Calculate the remainder when 4 is divided by a(l).
0
Let y(o) = -o + 1. Let g(r) = -r**2 + 2*r + 2. What is the remainder when y(-1) is divided by g(2)?
0
Let u be -8*(-3)/(-2 + -1). Let a(r) = r**3 + 8*r**2 - 6*r - 10. Let o be a(u). Let v = -26 + o. Calculate the remainder when v is divided by 5.
2
Suppose -9 + 3 = -3*w. What is the remainder when 7 is divided by w?
1
Let q = 178 - 93. Suppose -5*k = -0*k - q. What is the remainder when 49 is divided by k?
15
Let z(r) = r**2 - 3*r + 4. What is the remainder when (-50)/(-15)*(-114)/(-4) is divided by z(7)?
31
Let v = -63 - -138. What is the remainder when v is divided by 20?
15
Let s = 18 - 8. What is the remainder when 37 is divided by s?
7
Suppose -5*n = 5*p - 1050, -7*n - 5*p = -8*n + 234. Calculate the remainder when n is divided by 43.
42
Suppose -2*d = 5*o - 17, 3*o - 5*d - 1 = 3. Calculate the remainder when 5 is divided by o.
2
Let c(o) = o**2 + 8*o - 6. Let z be c(-9). Suppose -2*y = z*y - 15. What is the remainder when (4 + -51)*(2 - y) is divided by 24?
23
Let z(j) = j**3 - 6*j**2 + 9*j. Let a be z(6). Suppose 4*f = a + 2. What is the remainder when 27 is divided by f?
13
Let m be 2/(-8) - (-2)/8. Suppose 2*c = 0, 2*y - 5*c - 15 - 93 = m. Let w = -15 + y. Calculate the remainder when w is divided by 10.
9
Let r(f) = -42*f + 2. Let t be r(-2). Suppose 0 = 5*h + 1 - t. Calculate the remainder when 49 is divided by h.
15
Let s = 7 - 10. Suppose 7*b + 9 = 4*b, -2*b - 66 = -3*k. What is the remainder when 34 is divided by -3 + (-2 - s) + k?
16
Let r(g) = g + 23. What is the remainder when r(-9) is divided by 3?
2
Suppose -5*r + 4 = -4*r. Calculate the remainder when 16 is divided by r.
0
Suppose 0 = 26*c - 23*c - 63. What is the remainder when c is divided by 11?
10
Suppose 0*l = -2*l + 4. Suppose o = -2*y - l*y + 121, 0 = -o - 3. What is the remainder when y is divided by 8?
7
Let a = 84 - 75. Let m(x) = -3*x + 4. Let u be m(-4). Suppose h - 2*h = -u. Calculate the remainder when h is divided by a.
7
Calculate the remainder when 5*(-3)/((-6)/16) is divided by (1/(-2))/(2/(-56)*1).
12
Suppose -6*t - 45 = -11*t. Calculate the remainder when 13 is divided by t.
4
Suppose -2*o - 3*q + 0*q = -15, 0 = -o - q + 8. What is the remainder when 25 is divided by o?
7
Suppose -258 = -3*g + 3*l, -g - 4*g + 430 = -l. What is the remainder when g is divided by 45?
41
Let o = 2 + -1. Let d(x) be the second derivative of 2*x**3 + x**2/2 - 4*x. What is the remainder when 24 is divided by d(o)?
11
Let l = 7 + 20. Let c = l - 11. Let v = 30 - -17. What is the remainder when v is divided by c?
15
Let z(p) = -2*p**2 + 3*p. Let f be z(3). Let j = f + 33. What is the remainder when 95 is divided by j?
23
Let x = -6 + 9. Suppose -2*l = x*v - v - 190, 3*v = -12. Calculate the remainder when l is divided by 25.
24
Let k = 32 - 19. Calculate the remainder when k is divided by (-69)/(-9) - 2/(-6).
5
Suppose 30 = n + 3*m, 3*n + 3*m - 70 = -2*m. What is the remainder when n is divided by 6?
3
Let b be (-52 - -2)*(-40)/25. Let g = b - 46. Suppose -6*q = -q + 3*p - 262, 4*p = q - g. Calculate the remainder when q is divided by 17.
16
Let b = 49 + -17. Let l = b - 21. Calculate the remainder when 32 is divided by l.
10
Suppose -2*p + 4*i - 5*i = 5, 3*p + 3*i + 15 = 0. Calculate the remainder when p + 6 + (0 - 0) is divided by 4.
2
Let s(l) = 2*l**2 + 2*l - 1. What is the remainder when s(1) is divided by 1?
0
Suppose 12*n = 7*n + 50. Calculate the remainder when 28 is divided by n.
8
Let g(q) = 9*q - 10. What is the remainder when g(4) is divided by 14?
12
Let v = -18 + 28. What is the remainder when 26 is divided by v?
6
Suppose 0 = 3*s - 18 + 6. What is the remainder when 10 is divided by (s/3)/(2/6)?
2
Suppose -3*o + 452 = -9*v + 4*v, 0 = 2*v - 5*o + 196. Let m = 133 + v. What is the remainder when m is divided by 12?
9
Suppose 8*b - 27 = 5*b. What is the remainder when 41 is divided by 7*-6*(-3)/b?
13
Let w = 26 - 11. Suppose 0 = -3*n + w. What is the remainder when n is divided by 2?
1
Let j = 